{"id":154,"date":"2022-01-03T18:55:38","date_gmt":"2022-01-03T18:55:38","guid":{"rendered":"http:\/\/npgingenieria.com\/?page_id=154"},"modified":"2026-03-24T21:09:26","modified_gmt":"2026-03-24T21:09:26","slug":"contacto","status":"publish","type":"page","link":"https:\/\/npgingenieria.com\/?page_id=154","title":{"rendered":"Contacto"},"content":{"rendered":"\n<h1 class=\"wp-block-heading\">Contacto NPG Ingenier\u00eda | Asesor\u00eda en plantas el\u00e9ctricas en Colombia.<\/h1>\n\n\n\n<p>Cont\u00e1ctenos para asesor\u00eda en plantas el\u00e9ctricas, mantenimiento y soluciones energ\u00e9ticas. Atenci\u00f3n r\u00e1pida y soporte t\u00e9cnico especializado. Contacto especializado las 24 Horas 7 dias a la semana<\/p>\n\n\n\n<h2 class=\"wp-block-heading\">Contacto NPG Ingenieria<\/h2>\n\n\n\n<p><\/p>\n","protected":false},"excerpt":{"rendered":"<p>Contacto NPG Ingenier\u00eda | Asesor\u00eda en plantas el\u00e9ctricas en Colombia. Cont\u00e1ctenos para asesor\u00eda en plantas el\u00e9ctricas, mantenimiento y soluciones energ\u00e9ticas. Atenci\u00f3n r\u00e1pida y soporte t\u00e9cnico especializado. Contacto especializado las 24 Horas 7 dias a la semana Contacto NPG Ingenieria<\/p>\n","protected":false},"author":1,"featured_media":259,"parent":0,"menu_order":0,"comment_status":"closed","ping_status":"closed","template":"","meta":{"_joinchat":[],"footnotes":""},"class_list":["post-154","page","type-page","status-publish","has-post-thumbnail","hentry"],"_hostinger_reach_plugin_has_subscription_block":false,"_hostinger_reach_plugin_is_elementor":false,"jetpack_sharing_enabled":true,"_links":{"self":[{"href":"https:\/\/npgingenieria.com\/index.php?rest_route=\/wp\/v2\/pages\/154","targetHints":{"allow":["GET"]}}],"collection":[{"href":"https:\/\/npgingenieria.com\/index.php?rest_route=\/wp\/v2\/pages"}],"about":[{"href":"https:\/\/npgingenieria.com\/index.php?rest_route=\/wp\/v2\/types\/page"}],"author":[{"embeddable":true,"href":"https:\/\/npgingenieria.com\/index.php?rest_route=\/wp\/v2\/users\/1"}],"replies":[{"embeddable":true,"href":"https:\/\/npgingenieria.com\/index.php?rest_route=%2Fwp%2Fv2%2Fcomments&post=154"}],"version-history":[{"count":3,"href":"https:\/\/npgingenieria.com\/index.php?rest_route=\/wp\/v2\/pages\/154\/revisions"}],"predecessor-version":[{"id":260,"href":"https:\/\/npgingenieria.com\/index.php?rest_route=\/wp\/v2\/pages\/154\/revisions\/260"}],"wp:featuredmedia":[{"embeddable":true,"href":"https:\/\/npgingenieria.com\/index.php?rest_route=\/wp\/v2\/media\/259"}],"wp:attachment":[{"href":"https:\/\/npgingenieria.com\/index.php?rest_route=%2Fwp%2Fv2%2Fmedia&parent=154"}],"curies":[{"name":"wp","href":"https:\/\/api.w.org\/{rel}","templated":true}]}}